59 is divided by 26?
25
What is the remainder when 415 is divided by 26?
25
What is the remainder when 291 is divided by 46?
15
What is the remainder when 571 is divided by 18?
13
Calculate the remainder when 232 is divided by 39.
37
Calculate the remainder when 33 is divided by 13.
7
What is the remainder when 145 is divided by 53?
39
Calculate the remainder when 500 is divided by 152.
44
Calculate the remainder when 269 is divided by 101.
67
Calculate the remainder when 350 is divided by 167.
16
What is the remainder when 1683 is divided by 52?
19
Calculate the remainder when 1119 is divided by 80.
79
What is the remainder when 342 is divided by 49?
48
Calculate the remainder when 242 is divided by 25.
17
Calculate the remainder when 410 is divided by 266.
144
What is the remainder when 133 is divided by 35?
28
Calculate the remainder when 535 is divided by 91.
80
Calculate the remainder when 208 is divided by 36.
28
What is the remainder when 1070 is divided by 21?
20
Calculate the remainder when 912 is divided by 56.
16
What is the remainder when 117 is divided by 79?
38
What is the remainder when 812 is divided by 34?
30
Calculate the remainder when 111 is divided by 23.
19
Calculate the remainder when 13678 is divided by 80.
78
What is the remainder when 419 is divided by 65?
29
What is the remainder when 93 is divided by 46?
1
What is the remainder when 65 is divided by 33?
32
What is the remainder when 91 is divided by 47?
44
What is the remainder when 1330 is divided by 37?
35
What is the remainder when 355 is divided by 343?
12
Calculate the remainder when 1218 is divided by 51.
45
Calculate the remainder when 118 is divided by 59.
0
Calculate the remainder when 17 is divided by 15.
2
What is the remainder when 1163 is divided by 97?
96
What is the remainder when 902 is divided by 28?
6
What is the remainder when 5278 is divided by 120?
118
Calculate the remainder when 254 is divided by 122.
10
What is the remainder when 1259 is divided by 14?
13
Calculate the remainder when 181 is divided by 37.
33
What is the remainder when 473 is divided by 17?
14
What is the remainder when 173 is divided by 8?
5
Calculate the remainder when 55 is divided by 11.
0
What is the remainder when 1230 is divided by 15?
0
What is the remainder when 377 is divided by 180?
17
What is the remainder when 82 is divided by 17?
14
What is the remainder when 643 is divided by 70?
13
What is the remainder when 151 is divided by 127?
24
Calculate the remainder when 2634 is divided by 20.
14
Calculate the remainder when 83 is divided by 24.
11
What is the remainder when 91 is divided by 10?
1
Calculate the remainder when 309 is divided by 5.
4
Calculate the remainder when 272 is divided by 40.
32
Calculate the remainder when 692 is divided by 182.
146
Calculate the remainder when 783 is divided by 49.
48
What is the remainder when 185 is divided by 63?
59
What is the remainder when 1232 is divided by 17?
8
Calculate the remainder when 1581 is divided by 69.
63
What is the remainder when 16 is divided by 9?
7
What is the remainder when 2039 is divided by 170?
169
Calculate the remainder when 145 is divided by 51.
43
What is the remainder when 154 is divided by 78?
76
What is the remainder when 1134 is divided by 368?
30
What is the remainder when 8554 is divided by 46?
44
What is the remainder when 334 is divided by 3?
1
Calculate the remainder when 3780 is divided by 39.
36
What is the remainder when 2713 is divided by 15?
13
Calculate the remainder when 299 is divided by 25.
24
What is the remainder when 308 is divided by 20?
8
Calculate the remainder when 338 is divided by 113.
112
What is the remainder when 1491 is divided by 497?
0
Calculate the remainder when 2496 is divided by 1247.
2
What is the remainder when 2189 is divided by 1089?
11
What is the remainder when 165 is divided by 57?
51
Calculate the remainder when 520 is divided by 38.
26
Calculate the remainder when 312 is divided by 79.
75
What is the remainder when 178 is divided by 15?
13
What is the remainder when 792 is divided by 389?
14
Calculate the remainder when 167 is divided by 59.
49
What is the remainder when 512 is divided by 94?
42
What is the remainder when 157 is divided by 27?
22
What is the remainder when 2542 is divided by 48?
46
Calculate the remainder when 94 is divided by 25.
19
Calculate the remainder when 1655 is divided by 430.
365
Calculate the remainder when 12373 is divided by 26.
23
What is the remainder when 1916 is divided by 27?
26
What is the remainder when 9307 is divided by 87?
85
What is the remainder when 1015 is divided by 30?
25
Calculate the remainder when 731 is divided by 6.
5
Calculate the remainder when 268 is divided by 45.
43
Calculate the remainder when 1101 is divided by 546.
9
What is the remainder when 302 is divided by 101?
100
What is the remainder when 2001 is divided by 492?
33
Calculate the remainder when 303 is divided by 107.
89
Calculate the remainder when 288 is divided by 127.
34
What is the remainder when 2679 is divided by 10?
9
Calculate the remainder when 644 is divided by 95.
74
What is the remainder when 500 is divided by 12?
8
Calculate the remainder when 798 is divided by 87.
15
Calculate the remainder when 1290 is divided by 78.
42
What is the remainder when 2766 is divided by 15?
6
What is the remainder when 2393 is divided by 19?
18
Calculate the remainder when 78 is divided by 8.
6
Calculate the remainder when 2077 is divided by 189.
187
What is the remainder when 481 is divided by 99?
85
Calculate the remainder when 252 is divided by 17.
14
Calculate the remainder when 90 is divided by 66.
24
What is the remainder when 3949 is divided by 26?
23
Calculate the remainder when 125 is divided by 27.
17
Calculate the remainder when 5846 is divided by 195.
191
What is the remainder when 118 is divided by 10?
8
Calculate the remainder when 233 is divided by 4.
1
Calculate the remainder when 1052 is divided by 38.
26
What is the remainder when 72 is divided by 30?
12
What is the remainder when 69 is divided by 16?
5
What is the remainder when 218 is divided by 109?
0
Calculate the remainder when 498 is divided by 162.
12
Calculate the remainder when 594 is divided by 120.
114
Calculate the remainder when 793 is divided by 117.
91
What is the remainder when 456 is divided by 12?
0
Calculate the remainder when 338 is divided by 49.
44
Calculate the remainder when 188 is divided by 12.
8
What is the remainder when 301 is divided by 31?
22
Calculate the remainder when 126 is divided by 55.
16
Calculate the remainder when 223 is divided by 2.
1
Calculate the remainder when 681 is divided by 38.
35
Calculate the remainder when 4557 is divided by 15.
12
What is the remainder when 227 is divided by 8?
3
What is the remainder when 304 is divided by 153?
151
What is the remainder when 415 is divided by 11?
8
What is the remainder when 4878 is divided by 119?
118
What is the remainder when 961 is divided by 163?
146
Calculate the remainder when 405 is divided by 396.
9
Calculate the remainder when 286 is divided by 89.
19
Calculate the remainder when 3203 is divided by 461.
437
What is the remainder when 615 is divided by 349?
266
Calculate the remainder when 76 is divided by 20.
16
Calculate the remainder when 488 is divided by 73.
50
Calculate the remainder when 199 is divided by 20.
19
Calculate the remainder when 835 is divided by 254.
73
What is the remainder when 20 is divided by 11?
9
Calculate the remainder when 29412 is divided by 67.
66
What is the remainder when 140 is divided by 12?
8
What is the remainder when 395 is divided by 15?
5
What is the remainder when 1420 is divided by 49?
48
What is the remainder when 471 is divided by 38?
15
Calculate the remainder when 1995 is divided by 87.
81
Calculate the remainder when 17757 is divided by 30.
27
Calculate the remainder when 3976 is divided by 102.
100
Calculate the remainder when 951 is divided by 233.
19
Calculate the remainder when 182 is divided by 23.
21
Calculate the remainder when 2098 is divided by 75.
73
What is the remainder when 1453 is divided by 29?
3
Calculate the remainder when 99 is divided by 10.
9
What is the remainder when 587 is divided by 30?
17
What is the remai